- 109*g + 613. Give b(5).
43
Let m(w) = -34074*w - 1635566. Give m(-48).
-14
Let y(q) = -7320*q - 1971. Calculate y(-1).
5349
Let l(i) = -i + 1248. Determine l(-80).
1328
Let a(r) = 12*r**2 - 282*r - 78. What is a(24)?
66
Let g(l) = 113*l - 8283. Give g(82).
983
Let v(l) = -l**3 + 61*l**2 - 741*l - 2759. Determine v(22).
-185
Let m(t) = 7*t - 680. Calculate m(-15).
-785
Let w(u) = u**2 - 1934*u + 761207. What is w(550)?
7
Let i(q) = -2*q**3 - 196*q**2 + 576*q + 2263. What is i(5)?
-7
Let l(g) = 10754*g + 344127. What is l(-32)?
-1
Let y(d) = d**3 + 25*d**2 - 348*d - 964. Calculate y(-34).
464
Let s(t) = t**3 + 9*t**2 - 99*t - 901. What is s(-11)?
-54
Let m(d) = 3*d**2 + 27*d + 12. What is m(-6)?
-42
Let s(n) = -706*n - 15274. Give s(-21).
-448
Let n(s) = -53*s + 1124. Give n(22).
-42
Let g(l) = -7*l**2 - 1908*l + 3319. Determine g(-275).
-1356
Let a(u) = 261*u**2 - 9135*u + 40. Give a(35).
40
Let m(t) = -t**3 - 117*t**2 + 232*t + 13509. What is m(-118)?
57
Let p(n) = -n**3 + 57*n**2 + 586*n - 30632. What is p(57)?
2770
Let p(w) = -3*w**2 - 1957735*w + 15662074. Calculate p(8).
2
Let i(b) = 17*b**2 - 135*b + 78. What is i(7)?
-34
Let c(z) = 3413*z + 33658. What is c(-10)?
-472
Let b(x) = -x**2 + 717*x - 69216. Give b(115).
14
Let f(d) = 4*d**3 - 96*d**2 - 309*d - 107. Calculate f(27).
298
Let g(w) = -63833*w + 16788070. What is g(263)?
-9
Let b(j) = j**3 + 129*j**2 - 196*j - 41564. What is b(-128)?
-92
Let d(q) = 2889*q + 257. Calculate d(0).
257
Let t(v) = -840*v - 12252. Give t(-12).
-2172
Let s(v) = 5*v**2 - 46*v - 612. What is s(-7)?
-45
Let x(w) = 2*w**3 + 200*w**2 - 1059*w + 72. Give x(5).
27
Let x(j) = -j**3 + 353*j**2 - 493*j + 49636. Calculate x(352).
4
Let o(q) = -186846*q - 1307958. Give o(-7).
-36
Let h(s) = -14821*s + 385283. Calculate h(26).
-63
Let s(g) = -135252*g - 405771. Calculate s(-3).
-15
Let w(q) = 408*q + 2557. Calculate w(-6).
109
Let k(b) = 44*b**3 + 268*b**2 + 1041*b - 3. Determine k(-4).
-2695
Let c(m) = 2*m**3 + 21*m**2 + 262*m + 42. Determine c(-9).
-2073
Let v(t) = -191*t**2 - 2758*t - 1148. Determine v(-14).
28
Let v(d) = 10*d**2 + 165*d - 569. What is v(6)?
781
Let i(k) = -3459*k - 93472. Give i(-27).
-79
Let l(n) = -38*n**2 - 9529*n - 7326. Calculate l(-250).
-76
Let u(v) = -108656*v - 2173118. Give u(-20).
2
Let h(r) = 350*r - 83994. What is h(240)?
6
Let f(g) = -2*g**2 + 28*g + 94. Give f(17).
-8
Let c(n) = n**2 + 290*n + 9643. Give c(-247).
-978
Let f(r) = r**3 + 132*r**2 - 409*r - 5702. Give f(8).
-14
Let i(c) = 102*c**3 - 7*c**2 + 59*c - 98. Give i(3).
2770
Let l(t) = 2*t**3 + 29*t**2 - 37*t + 1568. Determine l(-18).
-34
Let x(q) = 12*q**2 + 739*q + 5456. Determine x(-8).
312
Let h(j) = -6*j**3 + 14*j**2 + 1536*j - 4573. Calculate h(3).
-1
Let h(a) = 28362*a + 137. Determine h(0).
137
Let q(o) = 126*o**2 - 54*o - 122. Determine q(-2).
490
Let a(y) = -10*y**3 + 26*y**2 + 406*y - 1202. Determine a(3).
-20
Let d(q) = 46176*q + 415704. Give d(-9).
120
Let b(h) = -5218*h - 99160. What is b(-19)?
-18
Let d(c) = -30136*c + 30137. Determine d(1).
1
Let m(r) = 3136*r + 294782. Determine m(-94).
-2
Let s(d) = d**3 - 116*d**2 + 495*d + 6656. Determine s(111).
-4
Let n(x) = -6358*x + 267992. Determine n(42).
956
Let m(f) = 16*f**2 - 55*f - 143. What is m(14)?
2223
Let i(m) = -66*m**2 + 494*m + 426. Give i(8).
154
Let i(c) = -c**2 - 18*c + 445. Give i(-29).
126
Let h(o) = -838*o + 61219. What is h(73)?
45
Let q(s) = -9*s**3 - 1061*s**2 + 2283*s + 367. What is q(-120)?
7
Let f(n) = 149*n**2 - 6569*n + 157. Give f(44).
-415
Let u(q) = -275*q - 43460. Determine u(-158).
-10
Let s(l) = -l**3 + 141*l**2 - 565*l + 2316. What is s(137)?
-13
Let i(n) = -37530*n + 374030. Give i(10).
-1270
Let s(d) = -d**3 - 72*d**2 - 4*d + 14039. What is s(-69)?
32
Let h(l) = -13105*l - 104678. Give h(-8).
162
Let k(p) = 157*p**2 - 730*p - 1473. Calculate k(-2).
615
Let q(u) = -u**2 - 885*u + 221933. Calculate q(204).
-223
Let r(y) = y**2 + 113*y - 1334. Determine r(18).
1024
Let u(l) = -l**3 + 16*l**2 + 46753*l - 374533. Calculate u(8).
3
Let s(t) = 7217*t - 223814. Calculate s(31).
-87
Let r(z) = -245793*z + 13518612. Determine r(55).
-3
Let u(j) = j**3 - 33*j**2 - 197*j + 1653. Determine u(-9).
24
Let d(f) = 2*f**3 + 66*f**2 + 14*f + 344. Calculate d(-33).
-118
Let h(g) = -g**2 - 134*g - 4859. Give h(-70).
-379
Let l(b) = -9*b - 1271. Calculate l(38).
-1613
Let b(x) = x**3 - 32*x**2 + 41*x + 80. Give b(32).
1392
Let a(f) = -3259*f + 162966. What is a(50)?
16
Let a(h) = 216*h**2 - 1305*h + 180. Calculate a(6).
126
Let b(u) = 3*u**3 + 46*u**2 + 28*u + 1135. Determine b(-17).
-786
Let b(t) = -2*t**3 - 14*t**2 + 33*t + 122. What is b(-5)?
-143
Let n(g) = 72*g**2 + 554*g - 24. What is n(-8)?
152
Let z(h) = h**3 + 394*h**2 + 32*h + 12586. What is z(-394)?
-22
Let p(a) = 488*a**2 + 7174*a + 6684. Determine p(-1).
-2
Let g(j) = -2*j**2 - 129*j - 364. What is g(-51)?
1013
Let f(b) = -31*b**2 + 5646*b - 48289. Calculate f(9).
14
Let r(b) = 29*b**2 + 1467*b + 8398. Give r(-44).
-6
Let v(j) = 576*j - 29302. Give v(51).
74
Let q(w) = 7*w**3 - 37*w**2 + 167*w - 786. Calculate q(5).
-1
Let q(n) = 78295*n - 782949. Give q(10).
1
Let z(y) = -22*y**2 - 3757*y - 6302. Give z(-169).
289
Let j(y) = 2*y**3 + 56*y**2 + 314*y + 44. Calculate j(-5).
-376
Let n(s) = s**3 + 3*s**2 + 72*s + 854. Determine n(-10).
-566
Let m(t) = -673*t - 6227. What is m(-9)?
-170
Let p(i) = 991554*i - 5949299. What is p(6)?
25
Let y(z) = -22087*z - 88355. Give y(-4).
-7
Let i(m) = 4070*m - 15607. Give i(4).
673
Let w(j) = 131*j**2 + 374*j - 2497. Calculate w(-6).
-25
Let c(a) = 114*a**2 + 410*a - 8454. Give c(7).
2
Let y(n) = -n**2 + 147*n + 308749. Give y(634).
-9
Let z(k) = -k**3 + 145*k**2 + 932*k - 11. Calculate z(-6).
-167
Let s(w) = -22*w**2 + 319*w - 754. Determine s(11).
93
Let j(u) = 2*u**2 - 481*u - 2372. Determine j(-5).
83
Let b(n) = -n**3 + 57*n**2 + 968*n + 1714. Give b(71).
-132
Let h(a) = -97*a - 1506. Determine h(-5).
-1021
Let p(s) = s**3 + 131*s**2 - 1022*s - 7733. Give p(-138).
-5
Let s(z) = 7139*z + 1542025. What is s(-216)?
1
Let m(w) = -15862*w + 126810. Give m(8).
-86
Let v(j) = -4*j**2 - 2345*j + 6686. Determine v(-589).
207
Let p(y) = -883*y - 39752. Give p(-45).
-17
Let s(h) = -2*h**2 + 9030*h - 54138. Give s(6).
-30
Let i(s) = -9*s**2 - 252454*s - 757349. Calculate i(-3).
-68
Let c(p) = 106149*p + 106134. What is c(-1)?
-15
Let p(v) = -24*v**2 + 156*v + 512. Give p(9).
-28
Let y(h) = -h**3 + 33*h**2 + 2122*h + 1334. Give y(-32).
-10
Let x(f) = -f**3 + 11*f**2 + 240*f - 2442. Calculate x(10).
58
Let j(g) = -g**3 - 44*g**2 + 37*g - 208. Calculate j(-45).
152
Let p(w) = -62*w**3 - 128*w**2 - 53*w - 98. What is p(-2)?
-8
Let f(q) = -q**3 - 154*q**2 + 5091*q + 148. Give f(28).
8
Let j(x) = 14047*x - 14103178. Determine j(1004).
10
Let j(s) = -4281*s - 1014612. Determine j(-237).
-15
Let y(w) = -503*w**2 + 104*w + 24. Calculate y(0).
24
Let d(n) = 44*n + 3850. What is d(-87)?
22
Let x(v) = 13479*v + 26955. What is x(-2)?
-3
Let l(r) = r**3 - 20*r**2 - 54*r + 36. Determine l(22).
-184
Let d(l) = l**3 - 4*l**2 + 2843*l + 11489. Calculate d(-4).
-11
Let k(y) = y**2 - 10*y - 31. Determine k(20).
169
Let f(i) = -9*i**2 - 158*i - 39. Determine f(0).
-39
Let k(u) = -314*u - 8837. What is k(-26)?
-673
Let p(u) = -1550*u + 8871. Give p(6).
-429
Let j(y) = y**3 + 140*y**2 + 415*y + 693. What is j(-137)?
145
Let o(f) = 86*f**2 - 1476*f + 262. Calculate o(17).
24
Let p(c) = -c**3 - 45*c**2 + 365*c + 3004. Give p(-51).
-5
Let u(w) = 992*w + 149783. Determine u(-151).
-9
Let b(u) = -u**3 + 44*u**2 - 373*u - 94. Determine b(30).
1316
Let p(r) = -r**3 - 49*r**2 - 39*r + 239. Give p(-48).
-193
Let g(r) = -r**3 - 383*r**2 - 528*r + 89118. Calculate g(-381).
-36
Let i(t) = t**2 + 1617*t - 79984. What is i(48)?
-64
Let r(c) = -190155*c + 1140960. What is r(6)?
30
Let g(o) = -58970*o + 2417740. Determine g(41).
-30
Let k(c) = -27564*c - 937181. What is k(-34)?
-5
Let z(w) = -168202*w + 504617. Give z(3).
11
Let t(v) = 320*v + 54280. What is t(-170)?
-120
Let o(c) = 67*c**2 + 1445*c + 798. What is o(-21)?
0
Let a(u) = 99*u**2 + 483*u + 1919. Calculate a(-4).
1571
Let v(p) = 185988*p - 29200119. Calculate v(157).
-3
Let p(j) = -j**3 - 159*j**2 - 622*j - 395. Determine p(-155).
-85